59?
5
What is the thousands digit of 21503?
1
What is the units digit of 201?
1
What is the thousands digit of 1363?
1
What is the tens digit of 15806?
0
What is the hundreds digit of 19450?
4
What is the tens digit of 83?
8
What is the tens digit of 4048?
4
What is the ten thousands digit of 16010?
1
What is the units digit of 9981?
1
What is the tens digit of 860?
6
What is the hundreds digit of 63671?
6
What is the units digit of 1694?
4
What is the tens digit of 697?
9
What is the thousands digit of 1401?
1
What is the ten thousands digit of 83951?
8
What is the tens digit of 2919?
1
What is the thousands digit of 56074?
6
What is the hundreds digit of 3527?
5
What is the hundreds digit of 9502?
5
What is the tens digit of 146?
4
What is the thousands digit of 1744?
1
What is the hundreds digit of 1487?
4
What is the units digit of 1162?
2
What is the hundreds digit of 9897?
8
What is the units digit of 7894?
4
What is the hundreds digit of 289?
2
What is the tens digit of 11286?
8
What is the units digit of 1283?
3
What is the hundreds digit of 1615?
6
What is the hundreds digit of 213?
2
What is the ten thousands digit of 24922?
2
What is the thousands digit of 4730?
4
What is the tens digit of 1376?
7
What is the units digit of 730?
0
What is the units digit of 185?
5
What is the tens digit of 56542?
4
What is the tens digit of 20412?
1
What is the thousands digit of 86295?
6
What is the tens digit of 664?
6
What is the tens digit of 8203?
0
What is the tens digit of 41364?
6
What is the tens digit of 3910?
1
What is the hundreds digit of 103985?
9
What is the tens digit of 1345?
4
What is the tens digit of 20074?
7
What is the tens digit of 10961?
6
What is the hundreds digit of 17979?
9
What is the units digit of 43335?
5
What is the tens digit of 2124?
2
What is the hundred thousands digit of 207887?
2
What is the thousands digit of 4504?
4
What is the ten thousands digit of 57616?
5
What is the units digit of 1127?
7
What is the hundred thousands digit of 144244?
1
What is the thousands digit of 1597?
1
What is the ten thousands digit of 12468?
1
What is the thousands digit of 3637?
3
What is the units digit of 1620?
0
What is the tens digit of 11208?
0
What is the units digit of 9403?
3
What is the tens digit of 2400?
0
What is the units digit of 40832?
2
What is the hundreds digit of 72842?
8
What is the thousands digit of 2800?
2
What is the thousands digit of 6183?
6
What is the tens digit of 93580?
8
What is the thousands digit of 21794?
1
What is the hundreds digit of 22693?
6
What is the hundreds digit of 850?
8
What is the ten thousands digit of 26454?
2
What is the units digit of 4195?
5
What is the units digit of 1394?
4
What is the tens digit of 39818?
1
What is the tens digit of 18372?
7
What is the tens digit of 2465?
6
What is the ten thousands digit of 18886?
1
What is the tens digit of 98?
9
What is the hundreds digit of 931?
9
What is the tens digit of 336?
3
What is the thousands digit of 2730?
2
What is the thousands digit of 2519?
2
What is the hundreds digit of 1946?
9
What is the thousands digit of 24219?
4
What is the units digit of 1068?
8
What is the thousands digit of 5141?
5
What is the ten thousands digit of 17463?
1
What is the tens digit of 299?
9
What is the ten thousands digit of 51681?
5
What is the units digit of 124092?
2
What is the hundreds digit of 3172?
1
What is the thousands digit of 12169?
2
What is the tens digit of 136?
3
What is the units digit of 44564?
4
What is the thousands digit of 1264?
1
What is the ten thousands digit of 19674?
1
What is the tens digit of 8639?
3
What is the tens digit of 1446?
4
What is the hundreds digit of 1410?
4
What is the tens digit of 4767?
6
What is the hundreds digit of 41239?
2
What is the hundreds digit of 195?
1
What is the tens digit of 6395?
9
What is the hundreds digit of 21449?
4
What is the thousands digit of 144280?
4
What is the units digit of 1212?
2
What is the hundreds digit of 712?
7
What is the hundreds digit of 18397?
3
What is the tens digit of 22788?
8
What is the thousands digit of 70488?
0
What is the units digit of 85073?
3
What is the hundreds digit of 24081?
0
What is the units digit of 19301?
1
What is the hundreds digit of 2375?
3
What is the units digit of 1140?
0
What is the tens digit of 4859?
5
What is the thousands digit of 13749?
3
What is the tens digit of 596?
9
What is the hundreds digit of 146?
1
What is the thousands digit of 56916?
6
What is the ten thousands digit of 35076?
3
What is the units digit of 188?
8
What is the tens digit of 714?
1
What is the hundred thousands digit of 136512?
1
What is the units digit of 727?
7
What is the units digit of 16?
6
What is the thousands digit of 17337?
7
What is the thousands digit of 1357?
1
What is the units digit of 34?
4
What is the tens digit of 1168?
6
What is the hundreds digit of 61561?
5
What is the ten thousands digit of 50168?
5
What is the hundreds digit of 30698?
6
What is the thousands digit of 1528?
1
What is the units digit of 3163?
3
What is the units digit of 163?
3
What is the tens digit of 992?
9
What is the units digit of 7211?
1
What is the tens digit of 5202?
0
What is the tens digit of 17415?
1
What is the hundreds digit of 1249?
2
What is the hundreds digit of 19006?
0
What is the units digit of 1879?
9
What is the units digit of 2017?
7
What is the hundreds digit of 12075?
0
What is the hundreds digit of 2189?
1
What is the units digit of 1003?
3
What is the units digit of 484?
4
What is the ten thousands digit of 62474?
6
What is the units digit of 383?
3
What is the ten thousands digit of 49590?
4
What is the units digit of 50363?
3
What is the hundreds digit of 2070?
0
What is the hundreds digit of 1900?
9
What is the units digit of 292?
2
What is the tens digit of 2622?
2
What is the tens digit of 8336?
3
What is the thousands digit of 5127?
5
What is the thousands digit of 3339?
3
What is the units digit of 6247?
7
What is the tens digit of 1766?
6
What is the tens digit of 39011?
1
What is the thousands digit of 8097?
8
What is the units digit of 170?
0
What is the thousands digit of 61694?
1
What is the hundreds digit of 16505?
5
What is the hundreds digit of 11409?
4
What is the tens digit of 566?
6
What is the tens digit of 928?
2
What is the ten thousands digit of 115774?
1
What is the thousands digit of 7669?
7
What is the tens digit of 33579?
7
What is the tens digit of 7924?
2
What is the ten thousands digit of 35296?
3
What is the units digit of 366?
6
What is the hundreds digit of 14022?
0
What is the hundreds digit of 1611?
6
What is the units digit of 259?
9
What is the tens digit of 32119?
1
What is the units digit of 943?
3
What is the tens digit of 1205?
0
What is the thousands digit of 3580?
3
What is the units digit of 119?
9
What is the units digit of 23384?
4
What is the hundreds digit of 178?
1
What is the thousands digit of 4561?
4
What is the thousands digit of 17237?
7
What is the tens digit of 441?
4
What is the ten thousands digit of 10423?
1
What is the thousands digit of 9020?
9
What is the tens digit of 5168?
6
What is the units digit of 37786?
6
What is the tens digit of 2859?
5
What is the hundreds digit of 60618?
6
What is the units digit of 1562?
2
What is the thousands digit of 1246?
1
What is the tens digit of 3543?
4
What is the thousands digit of 4147?
4
What is the units digit of 21770?
0
What is the units digit of 13856?
6
What is the ten thousands digit of 24582?
2
What is the hundreds digit of 959?
9
What is the hundreds digit of 313?
3
What is the hundreds digit of 20698?
6
What is the thousands digit of 38653?
8
What is the units digit of 16109?
9
What is the hundreds digit of 5869?
8
What is the tens digit of 28683?
8
What is the hundreds digit of 41633?
6
What is the tens digit of 5607?
0
What is the tens digit of 204?
0
What is the thousands digit of 6949?
6
What is the units digit of 1821?
1
What is the units digit of 4030?
0
What is the tens digit of 1637?
3
What is the tens digit of 80?
8
What is the hundreds digit of 7640?
6
What is the ten thousands digit of 24123?
2
What is the tens digit of 996?
9
What is the thousands digit of 28446?
8
What is the hundreds digit of 1731?
7
What is the ten 